o**3 - 12*o**2 - 13*o + 6. Calculate d(-10).
-64
Let w(c) = 11*c**2 + 3*c - 2. Determine w(1).
12
Let a(q) = -q**2 - 23*q - 66. Calculate a(-20).
-6
Let c(s) = 2*s**2 + 13*s + 9. Calculate c(-5).
-6
Let p(o) = -o**2 + 7*o - 5. Calculate p(9).
-23
Let z(o) = o**3 - 22*o**2 + 2*o - 61. Determine z(22).
-17
Let a(b) = 3*b + 27. What is a(2)?
33
Let q(a) = -6*a**2 - 26*a - 7. Determine q(-4).
1
Let n(d) = -3*d**2 + 23*d - 2. Give n(7).
12
Let f(r) = -8*r + 236. What is f(30)?
-4
Let w(q) = 6*q + 4. Determine w(-6).
-32
Let x(b) = b**3 - 7*b**2 + 10*b - 10. Determine x(5).
-10
Let t(x) = x + 8. Give t(-4).
4
Let b(m) = -m**2 - 6*m + 11. What is b(-8)?
-5
Let u(v) = -v**3 + 5*v**2 - v + 7. Determine u(5).
2
Let c(o) = -3*o + 10. What is c(3)?
1
Let t(p) = p + 21. Give t(-19).
2
Let p(s) = s**3 + 4*s**2 - 2*s - 3. What is p(-4)?
5
Let c(x) = x**3 - x**2 - 21*x - 13. What is c(-4)?
-9
Let i(c) = -c**2 - c + 1. Determine i(0).
1
Let g(r) = -12*r + 222. Give g(18).
6
Let m(f) = -5*f + 143. Calculate m(27).
8
Let j(g) = -g**2 - 14*g + 20. Calculate j(-15).
5
Let v(m) = -m**2 - 5*m - 12. Calculate v(-9).
-48
Let o(t) = 3*t**2 - 29. What is o(8)?
163
Let j(g) = g + 2. Give j(7).
9
Let f(i) = -2*i**2 + 11*i - 9. What is f(7)?
-30
Let s(p) = -2*p - 14. Calculate s(6).
-26
Let g(z) = z**3 - 29*z**2 + 28*z + 5. What is g(28)?
5
Let d(x) = x + 4. Determine d(-5).
-1
Let c(v) = v - 1. Calculate c(1).
0
Let t(z) = -z**3 - 3*z**2 - z + 2. Calculate t(-2).
0
Let o(v) = 9*v - 22. Give o(6).
32
Let u(q) = q**2 + 4*q - 11. What is u(-4)?
-11
Let h(b) = -10*b**3 - b**2 - b - 1. Calculate h(-1).
9
Let h(q) = 16*q**3 - 2*q**2 - 2*q - 1. Give h(-1).
-17
Let g(k) = 7*k + 10. What is g(2)?
24
Let o(k) = -404*k - 2429. Calculate o(-6).
-5
Let z(b) = -b**2 + 6*b - 19. What is z(3)?
-10
Let h(k) = -4*k - 45. Determine h(-13).
7
Let f(l) = -l**3 + 6*l**2 - 4*l + 25. Give f(4).
41
Let r(a) = a**2 + 9*a - 12. Calculate r(-10).
-2
Let b(g) = -13*g**3 + g**2 - 1. Determine b(-1).
13
Let x(f) = f**2 + 12*f + 17. Determine x(-10).
-3
Let z(x) = 39*x**2 + x + 1. Calculate z(-1).
39
Let o(i) = i**3 - 14*i**2 - 17*i + 32. Calculate o(15).
2
Let f(i) = -2*i**2. Give f(1).
-2
Let t(b) = b**3 - 11*b**2 + 27*b - 4. Give t(4).
-8
Let q(k) = 37*k - 145. Determine q(4).
3
Let f(m) = m**3 - 24*m**2 + 19*m + 91. Calculate f(23).
-1
Let m(v) = -8*v - 22. Give m(-5).
18
Let d(l) = l - 16. Give d(7).
-9
Let a(j) = j**3 - 3*j**2 - j + 5. Determine a(-3).
-46
Let w(b) = b**2 + 17*b + 69. Give w(-11).
3
Let p(v) = -v**3 + 12*v**2 - 11*v + 16. Give p(11).
16
Let c(v) = v**3 + 12*v**2 - 5*v - 23. What is c(-11)?
153
Let l(s) = -s**2 + 7*s + 6. Calculate l(-4).
-38
Let n(u) = u**2 - 6*u - 6. What is n(4)?
-14
Let r(w) = w**3 - 46*w**2 + 47*w - 107. Give r(45).
-17
Let d(o) = o**2 + 8*o + 3. Determine d(-7).
-4
Let v(s) = s**3 - 12*s**2 - 14*s + 5. Determine v(13).
-8
Let y(k) = -3*k**2. Give y(1).
-3
Let j(p) = -2*p**2 - 32*p - 82. Give j(-3).
-4
Let m(t) = t**2 + 18*t - 39. Determine m(-20).
1
Let g(b) = b**2 - 18*b + 74. Calculate g(11).
-3
Let q(i) = -3*i**2 + i - 3. Calculate q(0).
-3
Let t(f) = f**3 + 3*f**2 - 3*f - 14. What is t(-3)?
-5
Let p(t) = t + 9. Calculate p(-3).
6
Let u(k) = 2*k**3 - 14*k**2 - k + 12. Determine u(7).
5
Let o(g) = -2*g - 25. What is o(7)?
-39
Let p(o) = o**2 - 21*o - 18. Give p(21).
-18
Let j(v) = 2*v**3 + 24*v**2 - 56*v - 2. What is j(-14)?
-2
Let j(b) = b**3 + 16*b**2 + 15*b - 6. Determine j(-15).
-6
Let i(r) = r**2 + 5*r - 83. Give i(-12).
1
Let n(p) = -11*p - 18. Calculate n(-4).
26
Let w(l) = 2*l**2 - 16*l + 3. Give w(8).
3
Let t(h) = -h**3 + 6*h**2 + 12*h - 10. Calculate t(7).
25
Let l(x) = 22*x**2 - 2*x + 10. Calculate l(3).
202
Let j(z) = 2*z**3 + 15*z**2 - 6*z - 15. Calculate j(-8).
-31
Let h(j) = j**2 - 6*j - 9. Calculate h(7).
-2
Let l(p) = 19*p**3 + p**2 + 11*p - 11. Give l(1).
20
Let j(w) = -w**2 + 6*w + 1. Give j(8).
-15
Let n(i) = i - 11. Calculate n(4).
-7
Let r(t) = 6*t - 30. Determine r(6).
6
Let y(r) = 56*r - 168. Determine y(3).
0
Let p(l) = 4*l**2 + l - 1. What is p(-4)?
59
Let f(r) = 2*r**3 + 4*r**2 + 6*r + 3. Determine f(-2).
-9
Let j(l) = -2*l - 5. Determine j(23).
-51
Let h(g) = 16*g + 29. Give h(-3).
-19
Let t(n) = -7*n**2 - 2*n - 1. Calculate t(-1).
-6
Let v(d) = d**3 - 12*d**2 + 31*d - 101. Give v(10).
9
Let o(g) = g**2 - 5*g + 2. What is o(4)?
-2
Let m(t) = t**2 - 22. Give m(-4).
-6
Let f(z) = -5*z**2 + 36*z - 6. What is f(7)?
1
Let b(o) = o**3 - 10*o**2 - 9*o - 27. Determine b(11).
-5
Let g(p) = -p - 13. What is g(-16)?
3
Let b(v) = v**2 - v - 9. Calculate b(5).
11
Let z(m) = -31*m - 159. Determine z(-5).
-4
Let b(g) = 111*g + 3. Calculate b(-1).
-108
Let m(g) = 2*g**3 + 14*g**2 + g + 14. Determine m(-7).
7
Let i(y) = y**2 - 9*y - 6. Determine i(10).
4
Let w(h) = h**3 - h + 4. Calculate w(3).
28
Let i(a) = 2*a**2 + 9*a + 2. Calculate i(-6).
20
Let n(i) = i**3 - 11*i**2 + 3*i + 7. Give n(11).
40
Let g(w) = -w + 3. What is g(4)?
-1
Let t(g) = 2*g**2 - 47*g - 7. Calculate t(21).
-112
Let p(d) = 27*d + 76. What is p(-3)?
-5
Let s(h) = -h**3 - 11*h**2 - 17*h + 4. What is s(-9)?
-5
Let z(p) = -p**3 - 13*p**2 - 9*p + 15. Determine z(-12).
-21
Let h(g) = -g**3 - 13*g**2 - 31*g - 8. What is h(-10)?
2
Let x(b) = 3*b + 76. Calculate x(25).
151
Let b(h) = 2*h**2 - 3*h - 46. Give b(6).
8
Let q(h) = -11*h. What is q(-2)?
22
Let x(l) = -16*l - 296. Determine x(-19).
8
Let t(a) = a**3 - 17*a**2 + 59*a + 12. What is t(12)?
0
Let b(n) = 10*n - 27. Determine b(6).
33
Let p(m) = m**3 + m**2 - m - 28. Give p(0).
-28
Let l(x) = 16*x - 2. Determine l(2).
30
Let q(b) = -b**3 - 5*b**2 + 7*b + 1. Calculate q(-6).
-5
Let c(k) = -24*k**2 - 2*k. Give c(-1).
-22
Let g(x) = x**3 - 25*x**2 - 3*x + 16. Calculate g(25).
-59
Let t(g) = -g**3 - 9*g**2 + 24*g + 20. Determine t(-11).
-2
Let j(a) = -a**3 + 35*a**2 - 28*a - 202. Determine j(34).
2
Let g(i) = -20*i - 115. What is g(-6)?
5
Let z(x) = -x**3 + 8*x**2 + 10*x - 13. What is z(9)?
-4
Let k(b) = -9*b + 20. Give k(2).
2
Let z(o) = -4*o + 8. Determine z(1).
4
Let h(v) = -v**3 - 28*v**2 + v + 9. What is h(-28)?
-19
Let r(l) = -l**2 - 6*l + 18. What is r(-8)?
2
Let h(y) = -13*y**2 - y. Calculate h(-1).
-12
Let a(f) = 3*f**2 - 13*f - 30. Determine a(7).
26
Let v(z) = -20*z + 759. Determine v(38).
-1
Let i(k) = 47*k**2 + 1. Determine i(-1).
48
Let n(x) = x**2 - 12*x + 35. What is n(8)?
3
Let d(j) = j**2 - j + 1. Determine d(3).
7
Let p(i) = -3*i**2 + 39*i - 45. Calculate p(12).
-9
Let w(a) = a - 7. Give w(8).
1
Let m(b) = 3*b**2 - 11. Calculate m(0).
-11
Let a(d) = -d**3 - 5*d**2 + 4*d + 6. What is a(-5)?
-14
Let z(f) = -16*f + 141. Determine z(17).
-131
Let v(k) = -6*k - 5. Determine v(-10).
55
Let g(h) = -h**2 - 6*h + 1. Calculate g(-7).
-6
Let x(k) = k - 15. What is x(8)?
-7
Let d(q) = 10*q - 46. Calculate d(9).
44
Let c(h) = h**3 + 8*h**2 + 3*h + 12. Give c(-8).
-12
Let a(o) = o**2 - 17*o + 58. Give a(14).
16
Let r(z) = -7*z - 12. Give r(-5).
23
Let f(y) = 7*y + 15. Give f(5).
50
Let q(i) = -i**2 + 44*i + 80. Determine q(46).
-12
Let r(d) = -d**3 + 8*d**2 + 3*d - 27. Calculate r(8).
-3
Let o(h) = h**3 - 3*h**2 - 3*h. Give o(-2).
-14
Let a(x) = 8*x**2. Determine a(1).
8
Let g(v) = -v**2 + 2*v + 1. Determine g(-1).
-2
Let l(j) = 6*j + 6. Determine l(-6).
-30
Let w(v) = -4*v**2 - 6. Give w(3).
-42
Let i(y) = -y**2 - 4*y - 5. Give i(0).
-5
Let l(d) = -4*d**3 + 54*d**2 + 29*d - 19. Give l(14).
-5
Let x(r) = r**3 - 4*r**2 - 12*r + 17. Give x(5).
-18
Let t(o) = -o**3 + o**2 - 3*o + 7. Give t(2).
-3
Let w(r) = r**3 - 16*r**2 + 7*r - 17. Calculate w(16).
95
Let w(b) = b**3 - 3*b**2 + 3*b - 3. Calculate w(3).
6
Let v(z) = 3*z**2 - 2*z - 1. Determine v(-2).
15
Let d(x) = -x**3 - x**2 + x - 32. What is d(0)?
-32
Let q(t) = -t + 21. Calculate q(0).
21
Let o(s) = s**3 - 9*s**2 + 11. What is o(4)?
-69
Let j(p) = -6*p - 30. Give j(-6).
6
Let h(q) = -22*q**3 + q**2 - 1. Determine h(1).
-22
Let b(i) = -2*i**2 + 15*i - 46. What is b(5)?
-21
Let u(x) = -13*x**2 + 4*x - 3. Calculate u(2).
-47
Let h(l) = l**3 + l**2 + 2*l. Calculate h(-2).
-8
Let f(q) = 12*q + 1. Give f(-1).
-11
Let v(u) = u**3 + 19*u**2 + 17*u + 4. What is v(-18)?
22
Let h(p) = p**2 + 9*p - 3. Give h(-10).
7
Let l(q) = q**3 + 11*q**2 + 11*q + 20. What is l(-10)?
10
Let d(k) = 